 the highest common divisor of o and x?
11
Suppose -10 - 10 = -5*d. Suppose 3*t - d = t. Suppose -7*r + 3*v + 40 = -t*r, 5*v = 2*r - 16. What is the highest common factor of r and 56?
8
Let h(m) = -3*m**2 - 7*m - 8. Let v(g) = -16*g**2 - 36*g - 41. Let l(q) = -11*h(q) + 2*v(q). Let c be l(-4). Calculate the highest common divisor of 22 and c.
2
Suppose 36 = 18*v - 15*v. What is the greatest common divisor of 156 and v?
12
Let x be (-24)/84 - (-200)/14. Calculate the greatest common factor of 35 and x.
7
Let n be 6/(-8) - 163/(-4). What is the greatest common factor of 16 and n?
8
Suppose -2*a + 545 = f, 6*a - 3*f = 4*a + 525. Let h be ((-7)/(-2))/7*a. Calculate the highest common factor of h and 54.
27
Suppose 5*a - 3 = -i, -1 - 3 = 4*a. Suppose 0 = -2*g + 28 - i. Let s(m) = 2*m**2 - 15*m + 14. Let n be s(g). What is the highest common factor of n and 16?
16
Let l be ((-28)/6)/((-4)/(-6)). Let s(n) = -n - 1. Let t be s(l). Calculate the greatest common divisor of t and 9.
3
Let o be 4/(-6)*15/(-2). Suppose 2*l = -5*a + 6, 0 = -3*l - 0*l + o*a + 9. Calculate the greatest common divisor of l and 24.
3
Let k(x) be the first derivative of -x**2/2 + x - 3. Let u be k(3). Let z be 15 + (u + -1)/(-3). What is the greatest common divisor of 112 and z?
16
Let n = 63 + -55. Let w(c) = -12*c. Let z be w(-6). What is the highest common divisor of n and z?
8
Suppose 0 = -2*x + 4*x - 16. What is the greatest common factor of 16 and x?
8
Let f be 31/(-2)*(0 + 2). Let w = -1 + -14. Let g = w - f. What is the highest common divisor of g and 48?
16
Let t be (5 + 4)/(1/1). Suppose 2*y + 3 = t. Let b be 1/y + 105/9. Calculate the highest common divisor of b and 3.
3
Let i(u) = -u**2 - 13*u - 10. Let v be i(-9). Let w be ((-1)/2)/((-1)/v). What is the greatest common divisor of w and 91?
13
Let w be (7 - -3)*17/2. What is the greatest common factor of 17 and w?
17
Let c be 54 + -1*(-1 - -3). Let f = 0 + 13. Calculate the highest common factor of c and f.
13
Let r be -2 + -1 + (-3 - -6). Let h(z) = z**2 - 1. Let n be h(r). Let m be n + 0 - (-5 + -32). Calculate the highest common divisor of 12 and m.
12
Suppose 19*v + 40 = 24*v. What is the greatest common factor of 40 and v?
8
Let q = -139 - -148. What is the greatest common factor of 117 and q?
9
Let b(q) = q**3 - 13*q**2 + 2*q. Let y be b(13). What is the greatest common factor of 39 and y?
13
Let z = 73 - 68. Calculate the greatest common factor of 15 and z.
5
Let i = -2 - -2. Suppose -l + 4 + 8 = i. Suppose -2*z - 10 = -4*j + 4, 10 = 2*j - 4*z. Calculate the highest common divisor of l and j.
3
Suppose -38*w + 32*w = -336. Suppose 0 = 5*a - a - 4*k - 48, 3*a = 5*k + 44. What is the highest common factor of w and a?
8
Let v(w) = -w**3 + 4*w**2 - 2*w - 1. Let q be v(2). Suppose -7*f + 304 = -q*f. Let i be (-2)/(-7) + 655/35. What is the greatest common factor of i and f?
19
Let z(i) = i + 19. Let q be z(-11). Calculate the greatest common divisor of q and 2.
2
Let i be ((-20)/(-15))/(2/3) - 0. What is the highest common factor of i and 7?
1
Let k(c) = 4*c**2 + c + 1. Let s be k(-1). Suppose n - s*n = -147. Suppose 5*b - n = -14. Calculate the highest common factor of b and 7.
7
Suppose -3 + 12 = l. Suppose 0 = 5*r + 19 + 6. Let g = r - -23. Calculate the highest common divisor of g and l.
9
Let a = 0 - -8. Suppose 3*x + a = 5*x. Suppose q - 4*q + 123 = 3*k, 3*q + x*k = 128. What is the greatest common factor of q and 12?
12
Let o(n) = -n**3 - 2*n**2 - 2*n + 16. Let f be o(0). What is the highest common divisor of f and 8?
8
Suppose 4*f - 2 - 6 = 0. Let c be 2/6 + 10/(-3). Let x be (-5 - -11)*(-4)/c. Calculate the greatest common divisor of x and f.
2
Let a = 5 + 9. Calculate the greatest common divisor of a and 98.
14
Suppose 10 - 2 = 2*m. What is the greatest common divisor of 44 and m?
4
Suppose w + 1 = 17. Suppose -3*a + 17 = -w. Let g be (-11)/(-1*1/11). Calculate the highest common factor of a and g.
11
Suppose -117 = -3*w - 4*x, -10 = w - 2*x - 49. What is the highest common factor of 26 and w?
13
Suppose -5*l - 4*m = -35, -4*l - 3*m - 9 = -36. Suppose -l*b = 6, -3*u + 48 = u + 4*b. What is the highest common factor of u and 28?
14
Suppose 0 = 3*d - 4*u - 33, 2*d + d - 2*u = 27. Let w = d + -4. Calculate the greatest common divisor of 9 and w.
3
Let h(r) = -27*r - 19*r + 18*r - 16*r - 1. Let g be h(1). Let d be 2/(-1)*g/10. What is the highest common divisor of d and 3?
3
Suppose 0 = -3*m + 4*k + 104, 5*m - k = 2*k + 177. Let j be 1/3 + 1/(-3). Suppose j = 5*v - 0*v - 45. What is the greatest common factor of m and v?
9
Let a(q) = -12*q - 12. Let p be a(-8). What is the highest common factor of p and 21?
21
Let v(u) = 8*u + 15. Let a be v(-1). What is the greatest common divisor of a and 7?
7
Suppose 3*b = 7*b - 4, 3*h + 5*b - 11 = 0. Suppose 0*z - h*z - s + 89 = 0, 3*s = -3. Calculate the highest common divisor of z and 18.
9
Suppose -3*s - a = -46, 5*s - a - 28 = 38. Suppose 4*w - 6*w = -148. Let j = 130 - w. What is the greatest common factor of j and s?
14
Let k(f) = -f**2 + 16*f - 7. Let y be k(9). What is the greatest common divisor of 14 and y?
14
Suppose 3*c - 78 = -2*r, -2*c + 16 - 74 = -2*r. Let z be 21 + (1 - -1 - 1). Calculate the greatest common factor of r and z.
11
Suppose -2*x - 2*q = -78, 4*q - 2*q = 2*x - 62. Let k(d) = d**2 + 4*d - 7. Let c be k(4). Suppose 4*i = -i + c. What is the greatest common factor of x and i?
5
Suppose 5*o + 5*x - 545 = 0, -5*o - 2*x - 2*x = -544. Calculate the greatest common divisor of o and 36.
36
Suppose 3*r = 5*s - 118, -r - 4*r + 46 = s. Let i(c) = -c**2 - c + 18. Let w be i(0). Let b = s - w. Calculate the highest common divisor of b and 12.
4
Let m(v) = 4*v - 15. Let s be m(5). Calculate the highest common factor of 15 and s.
5
Let m = -40 - -69. Calculate the greatest common factor of m and 29.
29
Let b(z) = z**2 + 10*z + 7. Let p be b(-9). Let o be (0 - -1)/(p/(-42)). Calculate the greatest common divisor of 42 and o.
21
Let n = -117 - -159. Calculate the highest common divisor of 105 and n.
21
Let t(a) = 2*a**2 + 1. Let m be t(1). Suppose -m*z = 5*s - 25, 3*z + 2*s = 2*z + 9. Let x be 10*(90/4)/5. Calculate the greatest common divisor of x and z.
5
Let a be 21 + (14 + -7 - 14). Suppose -275 = -4*b + v, -5*b + 155 = -3*b + 3*v. Calculate the greatest common divisor of a and b.
14
Suppose -235 = 2*b - 4*o - o, 5*b + o + 655 = 0. Let c = b + 193. What is the greatest common divisor of c and 9?
9
Let a(j) = j - 9. Let d be a(16). Calculate the highest common divisor of 49 and d.
7
Suppose 0 = 4*t + 5*f - 36, -f + 16 = 2*t + t. Suppose 2*i - 3*y = i, 2*y = 4*i - 20. Suppose -40 = -i*m + t*m. What is the greatest common divisor of m and 5?
5
Let m(b) = -b + 10. Let k be m(-7). Let t = k + -27. Let w be t*(-1)/((-10)/(-8)). Calculate the highest common divisor of 88 and w.
8
Suppose 6 = -z - 4*q, z - 34 = 6*q - 2*q. Calculate the greatest common factor of 21 and z.
7
Suppose -4*m = 3*p - 123, 5*m + 5*p + 0*p - 150 = 0. What is the highest common divisor of 66 and m?
33
Suppose -11*z - 18 = -20*z. What is the highest common divisor of z and 14?
2
Suppose -3*l - 2*v + 21 = -34, 3*l = -v + 56. Suppose 409 = 5*u + 124. Calculate the greatest common factor of u and l.
19
Let a(u) = -9*u - 18. Let r be a(-16). Calculate the greatest common divisor of 18 and r.
18
Let t be 6/(-4)*(-4)/(-6). Let j be ((-12)/9)/(t/18). Suppose -4*u + 4*w = -40, -5*w + w = -5*u + 52. Calculate the greatest common factor of u and j.
12
Suppose 0 = 2*s + 2*s - 8. Let b = 1 + s. What is the highest common divisor of 15 and b?
3
Let n be 10/8 + 3/(-12). Let x be n + 14 - 2/1. Calculate the greatest common divisor of 117 and x.
13
Suppose 4*o + 3*f = 45, -5*o + f + 4*f + 65 = 0. Let u be 9915/75 - (-2)/(-10). Calculate the greatest common factor of o and u.
12
Suppose 2*x = -2*a - 0*a + 22, 3*x + 4*a - 33 = 0. Calculate the greatest common divisor of x and 88.
11
Let z(l) = -3*l**3 - 2*l**2. Let k be z(-4). Suppose 0*r + r = k. What is the highest common factor of 20 and r?
20
Suppose 5*d = 20, 0*z = -3*z - 2*d + 44. Suppose 7 = 4*a - 5. Suppose -253 = -a*j - r, 5*r + 433 - 102 = 4*j. What is the highest common factor of z and j?
12
Let m be (-4)/(-8)*-5*-14. What is the greatest commo